{"id":2074,"date":"2024-10-14T20:56:39","date_gmt":"2024-10-14T17:56:39","guid":{"rendered":"https:\/\/autoitalia.ww4.ro\/ait58\/?page_id=2074"},"modified":"2024-10-15T17:49:03","modified_gmt":"2024-10-15T14:49:03","slug":"leasing-financiar","status":"publish","type":"page","link":"https:\/\/autoitalia.ww4.ro\/ait58\/leasing-financiar\/","title":{"rendered":"Leasing Financiar"},"content":{"rendered":"\n\n\n<style>\n        @font-face {\n            font-family: SpecialFont1;\n            src: url('https:\/\/autoitalia.ww4.ro\/ait58\/fonts\/DINNextLTPro-Bold.otf') format('truetype');\n        }\n        @font-face {\n            font-family: SpecialFont2;\n            src: url('https:\/\/autoitalia.ww4.ro\/ait58\/fonts\/DINNextLTPro-Regular.otf') format('truetype');\n        }\n        @font-face {\n            font-family: SpecialFont3;\n            src: url('https:\/\/autoitalia.ww4.ro\/ait58\/fonts\/DINNextLTPro-MediumItalic.otf') format('truetype');\n        }\n        .custom-text1 {\n            font-family: SpecialFont1, sans-serif;\n        }\n        .custom-text2 {\n            font-family: SpecialFont2, serif;\n        }\n        .custom-text3 {\n            font-family: SpecialFont3, serif;\n        }\n        \n<\/style>\n\n\t<section class=\"section\" id=\"section_1265929092\">\n\t\t<div class=\"bg section-bg fill bg-fill bg-loaded bg-loaded\" >\n\n\t\t\t\n\t\t\t\n\t\t\t\n\n\t\t<\/div>\n\n\t\t\n\n\t\t<div class=\"section-content relative\">\n\t\t\t\n\n<div class=\"row row-collapse\"  id=\"row-1770671627\">\n\n\n\t<div id=\"col-1410401884\" class=\"col small-12 large-12\"  >\n\t\t\t\t<div class=\"col-inner text-center\"  >\n\t\t\t\n\t\t\t\n\n\t<div class=\"img has-hover x md-x lg-x y md-y lg-y\" id=\"image_2142222947\">\n\t\t\t\t\t\t\t\t<div class=\"img-inner dark\" style=\"margin:0px 0px 20px 0px;\">\n\t\t\t<img loading=\"lazy\" decoding=\"async\" width=\"258\" height=\"64\" src=\"https:\/\/autoitalia.ww4.ro\/ait58\/wp-content\/uploads\/2023\/05\/logo-fleet.jpg\" class=\"attachment-original size-original\" alt=\"\" \/>\t\t\t\t\t\t\n\t\t\t\t\t<\/div>\n\t\t\t\t\t\t\t\t\n<style>\n#image_2142222947 {\n  width: 72%;\n}\n@media (min-width:550px) {\n  #image_2142222947 {\n    width: 25%;\n  }\n}\n<\/style>\n\t<\/div>\n\t\n\n\n\t\t<\/div>\n\t\t\t\t\n<style>\n#col-1410401884 > .col-inner {\n  padding: 10px 0px 20px 0px;\n}\n<\/style>\n\t<\/div>\n\n\t\n\n\t<div id=\"col-1944502282\" class=\"col small-12 large-12\"  >\n\t\t\t\t<div class=\"col-inner text-center\"  >\n\t\t\t\n\t\t\t\n\n\t<div id=\"text-832022635\" class=\"text\">\n\t\t\n\n<p class=\"custom-text2\" style=\"text-transform: uppercase; font-size: 26px;\"><strong>Leasing Financiar pentru companii<\/strong><\/br><br \/>\n<style=\"font-size: 26px;\">PRIN IMPULS LEASING<\/p>\n\t\t\n<style>\n#text-832022635 {\n  font-size: 1rem;\n  line-height: 0.95;\n  color: rgb(0,0,0);\n}\n#text-832022635 > * {\n  color: rgb(0,0,0);\n}\n@media (min-width:550px) {\n  #text-832022635 {\n    line-height: 0.75;\n  }\n}\n<\/style>\n\t<\/div>\n\t\n\n\t\t<\/div>\n\t\t\t\t\n<style>\n#col-1944502282 > .col-inner {\n  padding: 10px 0px 0px 0px;\n}\n<\/style>\n\t<\/div>\n\n\t\n\n<\/div>\n\n\t\t<\/div>\n\n\t\t\n<style>\n#section_1265929092 {\n  padding-top: 20px;\n  padding-bottom: 20px;\n}\n<\/style>\n\t<\/section>\n\t\n<div class=\"row row-collapse align-equal\" style=\"max-width:1100px\" id=\"row-1882457896\">\n\n\n\t<div id=\"col-2141221813\" class=\"col small-12 large-12\"  >\n\t\t\t\t<div class=\"col-inner box-shadow-2-hover\"  >\n\t\t\t\n\t\t\t\n\n\n  <div class=\"banner has-hover\" id=\"banner-988903466\">\n          <div class=\"banner-inner fill\">\n        <div class=\"banner-bg fill\" >\n            <div class=\"bg fill bg-fill bg-loaded\"><\/div>\n                                    \n                    <\/div>\n\t\t\n        <div class=\"banner-layers container\">\n            <div class=\"fill banner-link\"><\/div>            \n\n   <div id=\"text-box-942685171\" class=\"text-box banner-layer x5 md-x5 lg-x5 y0 md-y20 lg-y20 res-text\">\n                                <div class=\"text-box-content text dark\">\n              \n              <div class=\"text-inner text-left\">\n                  \n\n\t<div id=\"text-1663122113\" class=\"text custom-text2\">\n\t\t\n\n<h4 style=\"font-size: 30px;\">AUTOITALIA \u0219i IMPULS Leasing<\/h4>\n<p>Leasing Financiar pentru m\u0103rcile Fiat, Fiat Professional, Jeep, Alfa Romeo, Abarth \u0219i Maserati<br \/>\nIMPULS Leasing Romania \u0219i AUTOITALIA ofer\u0103 solu\u021bii de finan\u021bare pentru companii de orice dimensiune.<\/p>\n\t\t\n<style>\n#text-1663122113 {\n  font-size: 1rem;\n  line-height: 1.6;\n  text-align: center;\n}\n@media (min-width:550px) {\n  #text-1663122113 {\n    line-height: 2.05;\n  }\n}\n<\/style>\n\t<\/div>\n\t\n<div class=\"row align-center\"  id=\"row-1042235047\">\n\n\n\t<div id=\"col-108266764\" class=\"col small-12 large-12\"  >\n\t\t\t\t<div class=\"col-inner text-center\"  >\n\t\t\t\n\t\t\t\n\n\t<div class=\"img has-hover x md-x lg-x y md-y lg-y\" id=\"image_1011829161\">\n\t\t\t\t\t\t\t\t<div class=\"img-inner dark\" style=\"margin:10px 0px 0px 0px;\">\n\t\t\t<img loading=\"lazy\" decoding=\"async\" width=\"99\" height=\"41\" src=\"https:\/\/autoitalia.ww4.ro\/ait58\/wp-content\/uploads\/2024\/10\/Impuls-leasing-romania_logo_neg_RGB.png\" class=\"attachment-original size-original\" alt=\"\" \/>\t\t\t\t\t\t\n\t\t\t\t\t<\/div>\n\t\t\t\t\t\t\t\t\n<style>\n#image_1011829161 {\n  width: 30%;\n}\n@media (min-width:550px) {\n  #image_1011829161 {\n    width: 12%;\n  }\n}\n<\/style>\n\t<\/div>\n\t\n\n\n\t\t<\/div>\n\t\t\t\t\t<\/div>\n\n\t\n\n<\/div>\n\n              <\/div>\n           <\/div>\n                            \n<style>\n#text-box-942685171 {\n  margin: 0px 0px 0px 0px;\n  width: 93%;\n}\n#text-box-942685171 .text-box-content {\n  font-size: 98%;\n}\n@media (min-width:550px) {\n  #text-box-942685171 {\n    margin: 0px 0px 0px 16px;\n    width: 89%;\n  }\n  #text-box-942685171 .text-box-content {\n    font-size: 79%;\n  }\n}\n<\/style>\n    <\/div>\n \n\n        <\/div>\n      <\/div>\n\n            \n<style>\n#banner-988903466 {\n  padding-top: 380px;\n  background-color: rgb(255,255,255);\n}\n#banner-988903466 .bg.bg-loaded {\n  background-image: url(https:\/\/autoitalia.ww4.ro\/ait58\/wp-content\/uploads\/2024\/10\/LEAP_MOTOR1145.jpg);\n}\n#banner-988903466 .bg {\n  background-position: 22% 37%;\n}\n@media (min-width:550px) {\n  #banner-988903466 {\n    padding-top: 370px;\n  }\n}\n<\/style>\n  <\/div>\n\n\n\n\t\t<\/div>\n\t\t\t\t\t<\/div>\n\n\t\n\n<\/div>\n\t<section class=\"section\" id=\"section_1280943231\">\n\t\t<div class=\"bg section-bg fill bg-fill bg-loaded bg-loaded\" >\n\n\t\t\t\n\t\t\t\n\t\t\t\n\n\t\t<\/div>\n\n\t\t\n\n\t\t<div class=\"section-content relative\">\n\t\t\t\n\n\t<div id=\"gap-1760928636\" class=\"gap-element clearfix show-for-medium\" style=\"display:block; height:auto;\">\n\t\t\n<style>\n#gap-1760928636 {\n  padding-top: 60px;\n}\n@media (min-width:550px) {\n  #gap-1760928636 {\n    padding-top: 10px;\n  }\n}\n<\/style>\n\t<\/div>\n\t\n\n<div class=\"row\"  id=\"row-8325069\">\n\n\n\t<div id=\"col-589108048\" class=\"col small-12 large-12\"  >\n\t\t\t\t<div class=\"col-inner\"  >\n\t\t\t\n\t\t\t\n\n\t<div id=\"text-3186400574\" class=\"text custom-text2\">\n\t\t\n\n<p style=\"font-size: 18px\">Contractul de leasing poate fi \u00eencheiat \u00een urm\u0103toarele condi\u021bii:<\/p>\n\t\t\n<style>\n#text-3186400574 {\n  font-size: 1.25rem;\n  text-align: center;\n  color: rgb(0,0,0);\n}\n#text-3186400574 > * {\n  color: rgb(0,0,0);\n}\n<\/style>\n\t<\/div>\n\t\n\n\t\t<\/div>\n\t\t\t\t\t<\/div>\n\n\t\n\n<\/div>\n\t<div id=\"gap-665033639\" class=\"gap-element clearfix\" style=\"display:block; height:auto;\">\n\t\t\n<style>\n#gap-665033639 {\n  padding-top: 10px;\n}\n<\/style>\n\t<\/div>\n\t\n\n<div class=\"row\" style=\"max-width:1050px\" id=\"row-1199753868\">\n\n\n\t<div id=\"col-1422788278\" class=\"col medium-2 small-6 large-2\"  >\n\t\t\t\t<div class=\"col-inner\"  >\n\t\t\t\n\t\t\t\n\n\n\t\t<div class=\"icon-box featured-box custom-text1 icon-box-center text-center is-small\"  >\n\t\t\t\t\t<div class=\"icon-box-img\" style=\"width: 39px\">\n\t\t\t\t<div class=\"icon\">\n\t\t\t\t\t<div class=\"icon-inner\" >\n\t\t\t\t\t\t<img loading=\"lazy\" decoding=\"async\" width=\"36\" height=\"36\" src=\"https:\/\/autoitalia.ww4.ro\/ait58\/wp-content\/uploads\/2024\/10\/percentage_icon.png\" class=\"attachment-medium size-medium\" alt=\"\" \/>\t\t\t\t\t<\/div>\n\t\t\t\t<\/div>\n\t\t\t<\/div>\n\t\t\t\t<div class=\"icon-box-text last-reset\">\n\t\t\t\t\t\t\t\t\t\n\n\t<div id=\"text-4027512216\" class=\"text custom-text1\">\n\t\t\n\n<p style=\"font-size: 15px;text-transform: uppercase;\">Avans cuprins<br \/>\n\u00eentre 10% &#8211; 80%<\/p>\n\t\t\n<style>\n#text-4027512216 {\n  color: rgb(0,0,0);\n}\n#text-4027512216 > * {\n  color: rgb(0,0,0);\n}\n<\/style>\n\t<\/div>\n\t\n\n\t\t<\/div>\n\t<\/div>\n\t\n\t\n\n\t\t<\/div>\n\t\t\t\t\t<\/div>\n\n\t\n\n\t<div id=\"col-1301250385\" class=\"col medium-3 small-6 large-3\"  >\n\t\t\t\t<div class=\"col-inner\"  >\n\t\t\t\n\t\t\t\n\n\n\t\t<div class=\"icon-box featured-box custom-text1 icon-box-center text-center is-small\"  >\n\t\t\t\t\t<div class=\"icon-box-img\" style=\"width: 39px\">\n\t\t\t\t<div class=\"icon\">\n\t\t\t\t\t<div class=\"icon-inner\" >\n\t\t\t\t\t\t<img loading=\"lazy\" decoding=\"async\" width=\"30\" height=\"30\" src=\"https:\/\/autoitalia.ww4.ro\/ait58\/wp-content\/uploads\/2024\/10\/calendar_icon.png\" class=\"attachment-medium size-medium\" alt=\"\" \/>\t\t\t\t\t<\/div>\n\t\t\t\t<\/div>\n\t\t\t<\/div>\n\t\t\t\t<div class=\"icon-box-text last-reset\">\n\t\t\t\t\t\t\t\t\t\n\n\t<div id=\"text-178163600\" class=\"text custom-text1\">\n\t\t\n\n<p style=\"font-size: 15px;text-transform: uppercase;\">Perioade de finan\u021bare cuprinse \u00eentre 12 \u0219i 60 de luni<\/p>\n\t\t\n<style>\n#text-178163600 {\n  color: rgb(0,0,0);\n}\n#text-178163600 > * {\n  color: rgb(0,0,0);\n}\n<\/style>\n\t<\/div>\n\t\n\n\t\t<\/div>\n\t<\/div>\n\t\n\t\n\n\t\t<\/div>\n\t\t\t\t\t<\/div>\n\n\t\n\n\t<div id=\"col-902195572\" class=\"col medium-2 small-6 large-2\"  >\n\t\t\t\t<div class=\"col-inner\"  >\n\t\t\t\n\t\t\t\n\n\n\t\t<div class=\"icon-box featured-box custom-text1 icon-box-center text-center is-small\"  >\n\t\t\t\t\t<div class=\"icon-box-img\" style=\"width: 39px\">\n\t\t\t\t<div class=\"icon\">\n\t\t\t\t\t<div class=\"icon-inner\" >\n\t\t\t\t\t\t<img loading=\"lazy\" decoding=\"async\" width=\"40\" height=\"35\" src=\"https:\/\/autoitalia.ww4.ro\/ait58\/wp-content\/uploads\/2024\/10\/profit_icon.png\" class=\"attachment-medium size-medium\" alt=\"\" \/>\t\t\t\t\t<\/div>\n\t\t\t\t<\/div>\n\t\t\t<\/div>\n\t\t\t\t<div class=\"icon-box-text last-reset\">\n\t\t\t\t\t\t\t\t\t\n\n\t<div id=\"text-4268910920\" class=\"text custom-text1\">\n\t\t\n\n<p style=\"font-size: 15px;text-transform: uppercase;\">Finan\u021bare \u00een monedele EURO \u0219i RON<\/p>\n\t\t\n<style>\n#text-4268910920 {\n  color: rgb(0,0,0);\n}\n#text-4268910920 > * {\n  color: rgb(0,0,0);\n}\n<\/style>\n\t<\/div>\n\t\n\n\t\t<\/div>\n\t<\/div>\n\t\n\t\n\n\t\t<\/div>\n\t\t\t\t\t<\/div>\n\n\t\n\n\t<div id=\"col-370524802\" class=\"col medium-2 small-6 large-2\"  >\n\t\t\t\t<div class=\"col-inner\"  >\n\t\t\t\n\t\t\t\n\n\n\t\t<div class=\"icon-box featured-box custom-text1 icon-box-center text-center is-small\"  >\n\t\t\t\t\t<div class=\"icon-box-img\" style=\"width: 39px\">\n\t\t\t\t<div class=\"icon\">\n\t\t\t\t\t<div class=\"icon-inner\" >\n\t\t\t\t\t\t<img loading=\"lazy\" decoding=\"async\" width=\"42\" height=\"42\" src=\"https:\/\/autoitalia.ww4.ro\/ait58\/wp-content\/uploads\/2024\/10\/interest-rate_icon.png\" class=\"attachment-medium size-medium\" alt=\"\" \/>\t\t\t\t\t<\/div>\n\t\t\t\t<\/div>\n\t\t\t<\/div>\n\t\t\t\t<div class=\"icon-box-text last-reset\">\n\t\t\t\t\t\t\t\t\t\n\n\t<div id=\"text-9647496\" class=\"text custom-text1\">\n\t\t\n\n<p style=\"font-size: 15px;text-transform: uppercase;\">Dob\u00e2nzi fixe<br \/>\nsau variabile<\/p>\n\t\t\n<style>\n#text-9647496 {\n  color: rgb(0,0,0);\n}\n#text-9647496 > * {\n  color: rgb(0,0,0);\n}\n<\/style>\n\t<\/div>\n\t\n\n\t\t<\/div>\n\t<\/div>\n\t\n\t\n\n\t\t<\/div>\n\t\t\t\t\t<\/div>\n\n\t\n\n\t<div id=\"col-628375366\" class=\"col medium-3 small-12 large-3\"  >\n\t\t\t\t<div class=\"col-inner\"  >\n\t\t\t\n\t\t\t\n\n\n\t\t<div class=\"icon-box featured-box custom-text1 icon-box-center text-center is-small\"  >\n\t\t\t\t\t<div class=\"icon-box-img\" style=\"width: 39px\">\n\t\t\t\t<div class=\"icon\">\n\t\t\t\t\t<div class=\"icon-inner\" >\n\t\t\t\t\t\t<img loading=\"lazy\" decoding=\"async\" width=\"38\" height=\"38\" src=\"https:\/\/autoitalia.ww4.ro\/ait58\/wp-content\/uploads\/2024\/10\/protection_icon.png\" class=\"attachment-medium size-medium\" alt=\"\" \/>\t\t\t\t\t<\/div>\n\t\t\t\t<\/div>\n\t\t\t<\/div>\n\t\t\t\t<div class=\"icon-box-text last-reset\">\n\t\t\t\t\t\t\t\t\t\n\n\t<div id=\"text-528522887\" class=\"text custom-text1\">\n\t\t\n\n<p style=\"font-size: 15px;text-transform: uppercase;\">Bunuri finan\u021bate: autoturisme \u0219i<br \/>\nautovehicule comerciale<\/p>\n\t\t\n<style>\n#text-528522887 {\n  color: rgb(0,0,0);\n}\n#text-528522887 > * {\n  color: rgb(0,0,0);\n}\n<\/style>\n\t<\/div>\n\t\n\n\t\t<\/div>\n\t<\/div>\n\t\n\t\n\n\t\t<\/div>\n\t\t\t\t\t<\/div>\n\n\t\n\n<\/div>\n\t<div id=\"gap-994741429\" class=\"gap-element clearfix\" style=\"display:block; height:auto;\">\n\t\t\n<style>\n#gap-994741429 {\n  padding-top: 10px;\n}\n<\/style>\n\t<\/div>\n\t\n\n\t<div id=\"text-2413112281\" class=\"text custom-text1\">\n\t\t\n\n<p style=\"font-size: 18px\">\u00cen plus, beneficiezi de campanii promo\u021bionale de finan\u021bare \u00een re\u021beaua autorizat\u0103 de dealeri AUTOITALIA.<\/p>\n\t\t\n<style>\n#text-2413112281 {\n  font-size: 1rem;\n  line-height: 1.25;\n  text-align: center;\n  color: rgb(0,0,0);\n}\n#text-2413112281 > * {\n  color: rgb(0,0,0);\n}\n<\/style>\n\t<\/div>\n\t\n\n\t\t<\/div>\n\n\t\t\n<style>\n#section_1280943231 {\n  padding-top: 0px;\n  padding-bottom: 0px;\n}\n@media (min-width:550px) {\n  #section_1280943231 {\n    padding-top: 30px;\n    padding-bottom: 30px;\n  }\n}\n<\/style>\n\t<\/section>\n\t\n<div class=\"row row-collapse row-box-shadow-2\" style=\"max-width:1100px\" id=\"row-1180068775\">\n\n\n\t<div id=\"col-744612878\" class=\"col small-12 large-12\"  >\n\t\t\t\t<div class=\"col-inner\"  >\n\t\t\t\n\t\t\t\n\n\n  <div class=\"banner has-hover\" id=\"banner-2140652379\">\n          <div class=\"banner-inner fill\">\n        <div class=\"banner-bg fill\" >\n            <div class=\"bg fill bg-fill bg-loaded\"><\/div>\n                                    \n                    <\/div>\n\t\t\n        <div class=\"banner-layers container\">\n            <div class=\"fill banner-link\"><\/div>            \n\n\t<div class=\"img has-hover hide-for-small x15 md-x15 lg-x15 y15 md-y15 lg-y15\" id=\"image_679371804\">\n\t\t\t\t\t\t\t\t<div class=\"img-inner dark\" >\n\t\t\t<img loading=\"lazy\" decoding=\"async\" width=\"300\" height=\"18\" src=\"https:\/\/autoitalia.ww4.ro\/ait58\/wp-content\/uploads\/2023\/05\/black-vertical-bar-300x18.jpg\" class=\"attachment-medium size-medium\" alt=\"\" srcset=\"https:\/\/autoitalia.ww4.ro\/ait58\/wp-content\/uploads\/2023\/05\/black-vertical-bar-300x18.jpg 300w, https:\/\/autoitalia.ww4.ro\/ait58\/wp-content\/uploads\/2023\/05\/black-vertical-bar.jpg 664w\" sizes=\"auto, (max-width: 300px) 100vw, 300px\" \/>\t\t\t\t\t\t\n\t\t\t\t\t<\/div>\n\t\t\t\t\t\t\t\t\n<style>\n#image_679371804 {\n  width: 80%;\n}\n@media (min-width:550px) {\n  #image_679371804 {\n    width: 80%;\n  }\n}\n<\/style>\n\t<\/div>\n\t\n\n\t<div class=\"img has-hover show-for-small x15 md-x15 lg-x15 y15 md-y15 lg-y15\" id=\"image_1300481154\">\n\t\t\t\t\t\t\t\t<div class=\"img-inner image-cover dark\" style=\"padding-top:85px;margin:-28px 0px 0px 0px;\">\n\t\t\t<img loading=\"lazy\" decoding=\"async\" width=\"300\" height=\"18\" src=\"https:\/\/autoitalia.ww4.ro\/ait58\/wp-content\/uploads\/2023\/05\/black-vertical-bar-300x18.jpg\" class=\"attachment-medium size-medium\" alt=\"\" srcset=\"https:\/\/autoitalia.ww4.ro\/ait58\/wp-content\/uploads\/2023\/05\/black-vertical-bar-300x18.jpg 300w, https:\/\/autoitalia.ww4.ro\/ait58\/wp-content\/uploads\/2023\/05\/black-vertical-bar.jpg 664w\" sizes=\"auto, (max-width: 300px) 100vw, 300px\" \/>\t\t\t\t\t\t\n\t\t\t\t\t<\/div>\n\t\t\t\t\t\t\t\t\n<style>\n#image_1300481154 {\n  width: 83%;\n}\n@media (min-width:550px) {\n  #image_1300481154 {\n    width: 80%;\n  }\n}\n<\/style>\n\t<\/div>\n\t\n\n   <div id=\"text-box-418150756\" class=\"text-box banner-layer hide-for-small x85 md-x15 lg-x15 y0 md-y10 lg-y10 res-text\">\n                                <div class=\"text-box-content text \">\n              \n              <div class=\"text-inner text-center\">\n                  \n\n\t<div id=\"text-3657241345\" class=\"text hide-for-small\">\n\t\t\n\n<p class=\"custom-text1\" style=\"color: #a6c700;\">\u00a0 \u00a0 \u00a0 \u00a0 \u00a0 \u00a0 \u00a0 \u00a0 \u00a0 \u00a0 \u00a0 \u00a0 \u00a0 \u00a0 \u00a0 \u00a0 \u00a0 \u00a0Cu ajutorul ChatBot-ului ILINCA prime\u0219ti suportul destinat oric\u0103rei finan\u021b\u0103ri!<\/p>\n\t\t\n<style>\n#text-3657241345 {\n  font-size: 1.25rem;\n  line-height: 1.55;\n  text-align: left;\n  color: rgb(255,255,255);\n}\n#text-3657241345 > * {\n  color: rgb(255,255,255);\n}\n@media (min-width:850px) {\n  #text-3657241345 {\n    line-height: 2.05;\n  }\n}\n<\/style>\n\t<\/div>\n\t\n\n              <\/div>\n           <\/div>\n                            \n<style>\n#text-box-418150756 {\n  width: 71%;\n}\n#text-box-418150756 .text-box-content {\n  font-size: 91%;\n}\n@media (min-width:550px) {\n  #text-box-418150756 {\n    width: 77%;\n  }\n  #text-box-418150756 .text-box-content {\n    font-size: 85%;\n  }\n}\n<\/style>\n    <\/div>\n \n   <div id=\"text-box-971597382\" class=\"text-box banner-layer hide-for-small x100 md-x100 lg-x100 y25 md-y90 lg-y90 res-text\">\n                     <div data-animate=\"none\">           <div class=\"text-box-content text \">\n              \n              <div class=\"text-inner text-left\">\n                  \n\n\t<div id=\"text-2053599417\" class=\"text custom-text3 hide-for-small\">\n\t\t\n\n<p style=\"font-size: 18px\">Disponibil\u0103 pe: www.impuls-leasing.ro<\/br><br \/>\nPre-aprobare instant\u0103 a solicit\u0103rilor de finan\u021bare, prin intermediul dealerilor din re\u021beaua Autoitalia.<\/br><br \/>\nSuport 24\/24 7\/7<\/p>\n\t\t\n<style>\n#text-2053599417 {\n  font-size: 0.75rem;\n  line-height: 1.3;\n  text-align: left;\n  color: rgb(0,0,0);\n}\n#text-2053599417 > * {\n  color: rgb(0,0,0);\n}\n@media (min-width:550px) {\n  #text-2053599417 {\n    font-size: 0.75rem;\n  }\n}\n<\/style>\n\t<\/div>\n\t\n\n              <\/div>\n           <\/div>\n       <\/div>                     \n<style>\n#text-box-971597382 {\n  width: 96%;\n}\n#text-box-971597382 .text-box-content {\n  font-size: 110%;\n}\n@media (min-width:550px) {\n  #text-box-971597382 {\n    width: 70%;\n  }\n  #text-box-971597382 .text-box-content {\n    font-size: 103%;\n  }\n}\n<\/style>\n    <\/div>\n \n   <div id=\"text-box-1165467499\" class=\"text-box banner-layer show-for-medium x95 md-x15 lg-x15 y0 md-y10 lg-y10 res-text\">\n                                <div class=\"text-box-content text \">\n              \n              <div class=\"text-inner text-center\">\n                  \n\n\t<div id=\"text-2010960026\" class=\"text show-for-small\">\n\t\t\n\n<p class=\"custom-text1\" style=\"color: #a6c700;\">Cu ajutorul ChatBot-ului ILINCA prime\u0219ti suportul destinat oric\u0103rei finan\u021b\u0103ri!<\/p>\n\t\t\n<style>\n#text-2010960026 {\n  font-size: 1.2rem;\n  line-height: 1.3;\n  text-align: center;\n  color: rgb(255,255,255);\n}\n#text-2010960026 > * {\n  color: rgb(255,255,255);\n}\n@media (min-width:550px) {\n  #text-2010960026 {\n    font-size: 1.3rem;\n    line-height: 1.5;\n    text-align: left;\n  }\n}\n<\/style>\n\t<\/div>\n\t\n\n              <\/div>\n           <\/div>\n                            \n<style>\n#text-box-1165467499 {\n  width: 62%;\n}\n#text-box-1165467499 .text-box-content {\n  font-size: 91%;\n}\n@media (min-width:550px) {\n  #text-box-1165467499 {\n    width: 70%;\n  }\n  #text-box-1165467499 .text-box-content {\n    font-size: 79%;\n  }\n}\n<\/style>\n    <\/div>\n \n   <div id=\"text-box-99330886\" class=\"text-box banner-layer show-for-medium x100 md-x95 lg-x95 y40 md-y95 lg-y95 res-text\">\n                                <div class=\"text-box-content text \">\n              \n              <div class=\"text-inner text-center\">\n                  \n\n\t<div id=\"text-2180883503\" class=\"text show-for-small\">\n\t\t\n\n<ul>\n<li class=\"bullet-checkmark\" style=\"font-size: 18px;\">Disponibil\u0103 pe: www.impuls-leasing.ro<\/li>\n<li class=\"bullet-checkmark\" style=\"font-size: 18px;\">Pre-aprobare instant\u0103 a solicit\u0103rilor de finan\u021bare, prin intermediul dealerilor din re\u021beaua Autoitalia.<\/li>\n<li class=\"bullet-checkmark\" style=\"font-size: 18px;\">Suport 24\/24 7\/7<\/li>\n<\/ul>\n\t\t\n<style>\n#text-2180883503 {\n  font-size: 0.75rem;\n  line-height: 1;\n  text-align: left;\n  color: rgb(0,0,0);\n}\n#text-2180883503 > * {\n  color: rgb(0,0,0);\n}\n@media (min-width:550px) {\n  #text-2180883503 {\n    line-height: 1.4;\n  }\n}\n<\/style>\n\t<\/div>\n\t\n\n              <\/div>\n           <\/div>\n                            \n<style>\n#text-box-99330886 {\n  width: 96%;\n}\n#text-box-99330886 .text-box-content {\n  font-size: 110%;\n}\n@media (min-width:550px) {\n  #text-box-99330886 {\n    width: 69%;\n  }\n  #text-box-99330886 .text-box-content {\n    font-size: 93%;\n  }\n}\n<\/style>\n    <\/div>\n \n\t<div class=\"img has-hover hide-for-small x25 md-x25 lg-x25 y0 md-y0 lg-y0\" id=\"image_461911808\">\n\t\t\t\t\t\t\t\t<div class=\"img-inner dark\" >\n\t\t\t<img loading=\"lazy\" decoding=\"async\" width=\"18\" height=\"200\" src=\"https:\/\/autoitalia.ww4.ro\/ait58\/wp-content\/uploads\/2024\/10\/Ellipse-1-copy-2-e1728923946371.png\" class=\"attachment-original size-original\" alt=\"\" \/>\t\t\t\t\t\t\n\t\t\t\t\t<\/div>\n\t\t\t\t\t\t\t\t\n<style>\n#image_461911808 {\n  width: 1.8%;\n}\n<\/style>\n\t<\/div>\n\t\n\n\t<div class=\"img has-hover x5 md-x5 lg-x5 y0 md-y10 lg-y10\" id=\"image_2103281419\">\n\t\t\t\t\t\t\t\t<div class=\"img-inner image-glow dark\" >\n\t\t\t<img loading=\"lazy\" decoding=\"async\" width=\"180\" height=\"189\" src=\"https:\/\/autoitalia.ww4.ro\/ait58\/wp-content\/uploads\/2024\/10\/Ilinca-bot-copy.png\" class=\"attachment-large size-large\" alt=\"\" \/>\t\t\t\t\t\t\n\t\t\t\t\t<\/div>\n\t\t\t\t\t\t\t\t\n<style>\n#image_2103281419 {\n  width: 24%;\n}\n@media (min-width:550px) {\n  #image_2103281419 {\n    width: 17%;\n  }\n}\n<\/style>\n\t<\/div>\n\t\n\n\n        <\/div>\n      <\/div>\n\n            \n<style>\n#banner-2140652379 {\n  padding-top: 270px;\n  background-color: rgb(255,255,255);\n}\n#banner-2140652379 .bg.bg-loaded {\n  background-image: url(https:\/\/autoitalia.ww4.ro\/ait58\/wp-content\/uploads\/2023\/05\/pag_AIT_Fleet_Services_Jeep_0002s_0011_white-crumpled-paper-texture-background-2022-11-18-21-07-35-utc-768x303.png);\n}\n#banner-2140652379 .bg {\n  background-position: 0% 0%;\n}\n<\/style>\n  <\/div>\n\n\n\n\t\t<\/div>\n\t\t\t\t\t<\/div>\n\n\t\n\n<\/div>\n<div class=\"row row-collapse\" style=\"max-width:1100px\" id=\"row-315531292\">\n\n\n\t<div id=\"col-1465991575\" class=\"col small-12 large-12\"  >\n\t\t\t\t<div class=\"col-inner\"  >\n\t\t\t\n\t\t\t\n\n<div class=\"row align-center\"  id=\"row-1660203881\">\n\n\n\t<div id=\"col-348956484\" class=\"col medium-10 small-12 large-10\"  >\n\t\t\t\t<div class=\"col-inner text-center\"  >\n\t\t\t\n\t\t\t\n\n\t<div id=\"text-2962505709\" class=\"text custom-text2\">\n\t\t\n\n<p class=\"uppercase\" style=\"font-size: 18px;\"><strong>ALEGE MODELUL T\u0102U FIAT PRIN LEASING FINANCIAR PENTRU PERSOANE JURIDICE<\/strong><br \/><strong>\u0218I SOLICIT\u0102 OFERTA PERSONALIZAT\u0102 LA ADRESA DE EMAIL:<\/strong><br \/><strong>office@impuls-leasing.ro<\/strong><\/p>\n\t\t\n<style>\n#text-2962505709 {\n  text-align: center;\n  color: rgb(255,255,255);\n}\n#text-2962505709 > * {\n  color: rgb(255,255,255);\n}\n<\/style>\n\t<\/div>\n\t\n\t<div id=\"text-361640790\" class=\"text custom-text2\">\n\t\t\n\n<p style=\"font-size: 12px;\">Partenerul nostru de finan\u021bare IMPULS-Leasing Romania face parte din grupul Raiffeisen-IMPULS-Leasing &#8211;<br \/>\nfilial\u0103 a Raiffeisenlandesbank Oberosterreich AG,<br \/>\nprezent\u0103 \u00een Austria, Croatia, Germania, Polonia \u0219i \u00een \u021bara noastr\u0103.<\/p>\n\t\t\n<style>\n#text-361640790 {\n  text-align: center;\n  color: rgb(255,255,255);\n}\n#text-361640790 > * {\n  color: rgb(255,255,255);\n}\n<\/style>\n\t<\/div>\n\t\n\n\t\t<\/div>\n\t\t\t\t\n<style>\n#col-348956484 > .col-inner {\n  padding: 35px 0px 0px 0px;\n}\n<\/style>\n\t<\/div>\n\n\t\n\n<\/div>\n\n\t\t<\/div>\n\t\t\t\t\t<\/div>\n\n\t\n\n\n<style>\n#row-315531292 > .col > .col-inner {\n  padding: 0px 40px 0px 40px;\n  background-color: rgb(0,0,0);\n}\n@media (min-width:550px) {\n  #row-315531292 > .col > .col-inner {\n    padding: 0px 90px 0px 90px;\n  }\n}\n<\/style>\n<\/div>\n\n","protected":false},"excerpt":{"rendered":"","protected":false},"author":1,"featured_media":0,"parent":0,"menu_order":0,"comment_status":"closed","ping_status":"closed","template":"page-blank-landingpage.php","meta":{"footnotes":""},"class_list":["post-2074","page","type-page","status-publish","hentry"],"_links":{"self":[{"href":"https:\/\/autoitalia.ww4.ro\/ait58\/wp-json\/wp\/v2\/pages\/2074","targetHints":{"allow":["GET"]}}],"collection":[{"href":"https:\/\/autoitalia.ww4.ro\/ait58\/wp-json\/wp\/v2\/pages"}],"about":[{"href":"https:\/\/autoitalia.ww4.ro\/ait58\/wp-json\/wp\/v2\/types\/page"}],"author":[{"embeddable":true,"href":"https:\/\/autoitalia.ww4.ro\/ait58\/wp-json\/wp\/v2\/users\/1"}],"replies":[{"embeddable":true,"href":"https:\/\/autoitalia.ww4.ro\/ait58\/wp-json\/wp\/v2\/comments?post=2074"}],"version-history":[{"count":66,"href":"https:\/\/autoitalia.ww4.ro\/ait58\/wp-json\/wp\/v2\/pages\/2074\/revisions"}],"predecessor-version":[{"id":2149,"href":"https:\/\/autoitalia.ww4.ro\/ait58\/wp-json\/wp\/v2\/pages\/2074\/revisions\/2149"}],"wp:attachment":[{"href":"https:\/\/autoitalia.ww4.ro\/ait58\/wp-json\/wp\/v2\/media?parent=2074"}],"curies":[{"name":"wp","href":"https:\/\/api.w.org\/{rel}","templated":true}]}}